{"id":20831,"date":"2025-08-16T14:49:08","date_gmt":"2025-08-16T21:49:08","guid":{"rendered":"https:\/\/satramana.org\/store\/?post_type=product&#038;p=20831"},"modified":"2025-08-16T14:50:14","modified_gmt":"2025-08-16T21:50:14","slug":"vishnusaharanama-with-the-bhasya-of-sri-sankaracharya","status":"publish","type":"product","link":"https:\/\/satramana.org\/store\/shop\/books\/works-of-adi-sankara\/vishnusaharanama-with-the-bhasya-of-sri-sankaracharya\/","title":{"rendered":"Vishnusaharanama with the Bhasya of Sri Sankaracharya"},"content":{"rendered":"<p data-start=\"50\" data-end=\"208\"><strong data-start=\"50\" data-end=\"107\">Vishnusahasranama with the Bh\u0101\u1e63ya of \u015ar\u012b \u015aa\u1e45kar\u0101c\u0101rya<\/strong><br data-start=\"107\" data-end=\"110\" \/><em data-start=\"110\" data-end=\"172\">Translated into English in the light of Sri Sankara&#8217;s commentary<\/em><br data-start=\"172\" data-end=\"175\" \/>by <strong data-start=\"178\" data-end=\"206\">R. Ananthakrishna Sastry<\/strong><\/p>\n<p data-start=\"210\" data-end=\"347\">Publisher: The Adyar Library and Research Centre<br data-start=\"258\" data-end=\"261\" \/>Edition: First Edition, Second Reprint (2013)<br data-start=\"306\" data-end=\"309\" \/>Format: Hardcover<br data-start=\"326\" data-end=\"329\" \/>Pages: xxx + 475<\/p>\n<p data-start=\"210\" data-end=\"347\">The thousand names of Lord Vishnu; for each of the thousand names, the Sanskrit passage in Adi Sankara&#8217;s commentary introducing the name together with its explanation is first printed in Devanagari script. This is followed by the English transliteration of the name, and then the English translation of the name and Adi Sankara&#8217;s commentary . For some names, the translator has added concise explanatory notes, marked as <em data-start=\"646\" data-end=\"653\" data-is-only-node=\"\">Gloss<\/em>.<\/p>\n","protected":false},"excerpt":{"rendered":"<p><em data-start=\"110\" data-end=\"172\">Translated into English in the light of Sri Sankara&#8217;s commentary<\/em><\/p>\n<p>The thousand names of Lord Vishnu; for each of the thousand names, the Sanskrit passage in Adi Sankara&#8217;s commentary introducing the name together with its explanation is first printed in Devanagari script. This is followed by the English transliteration of the name, and then the English translation of the name and Adi Sankara&#8217;s commentary . For some names, the translator has added concise explanatory notes, marked as <em data-start=\"646\" data-end=\"653\" data-is-only-node=\"\">Gloss<\/em>.<\/p>\n","protected":false},"featured_media":20833,"template":"","meta":{"advanced_seo_description":"","jetpack_seo_html_title":"","jetpack_seo_noindex":false},"product_brand":[],"product_cat":[48,7,53],"product_tag":[],"class_list":{"0":"post-20831","1":"product","2":"type-product","3":"status-publish","4":"has-post-thumbnail","6":"product_cat-works-of-adi-sankara","7":"product_cat-books","8":"product_cat-other-devotional-and-self-knowledge-books","9":"post","11":"first","12":"instock","13":"featured","14":"taxable","15":"shipping-taxable","16":"purchasable","17":"product-type-simple"},"jetpack_sharing_enabled":true,"_links":{"self":[{"href":"https:\/\/satramana.org\/store\/wp-json\/wp\/v2\/product\/20831","targetHints":{"allow":["GET"]}}],"collection":[{"href":"https:\/\/satramana.org\/store\/wp-json\/wp\/v2\/product"}],"about":[{"href":"https:\/\/satramana.org\/store\/wp-json\/wp\/v2\/types\/product"}],"wp:featuredmedia":[{"embeddable":true,"href":"https:\/\/satramana.org\/store\/wp-json\/wp\/v2\/media\/20833"}],"wp:attachment":[{"href":"https:\/\/satramana.org\/store\/wp-json\/wp\/v2\/media?parent=20831"}],"wp:term":[{"taxonomy":"product_brand","embeddable":true,"href":"https:\/\/satramana.org\/store\/wp-json\/wp\/v2\/product_brand?post=20831"},{"taxonomy":"product_cat","embeddable":true,"href":"https:\/\/satramana.org\/store\/wp-json\/wp\/v2\/product_cat?post=20831"},{"taxonomy":"product_tag","embeddable":true,"href":"https:\/\/satramana.org\/store\/wp-json\/wp\/v2\/product_tag?post=20831"}],"curies":[{"name":"wp","href":"https:\/\/api.w.org\/{rel}","templated":true}]}}